{"id":493,"date":"2024-04-02T08:01:19","date_gmt":"2024-04-02T13:01:19","guid":{"rendered":"https:\/\/muneplasticos.com\/?page_id=493"},"modified":"2024-08-20T15:25:54","modified_gmt":"2024-08-20T20:25:54","slug":"calidad","status":"publish","type":"page","link":"https:\/\/muneplasticos.com\/index.php\/calidad\/","title":{"rendered":"Calidad"},"content":{"rendered":"\t\t<div data-elementor-type=\"wp-page\" data-elementor-id=\"493\" class=\"elementor elementor-493\">\n\t\t\t\t<div class=\"elementor-element elementor-element-bb112a5 animated-slow elementor-hidden-mobile e-flex e-con-boxed elementor-invisible e-con e-parent\" data-id=\"bb112a5\" data-element_type=\"container\" data-settings=\"{&quot;background_background&quot;:&quot;classic&quot;,&quot;animation&quot;:&quot;fadeInDown&quot;}\">\n\t\t\t\t\t<div class=\"e-con-inner\">\n\t\t<div class=\"elementor-element elementor-element-cc9c9e2 e-con-full e-flex e-con e-child\" data-id=\"cc9c9e2\" data-element_type=\"container\">\n\t\t\t\t<div class=\"elementor-element elementor-element-5d744fe e-transform elementor-view-default elementor-widget elementor-widget-icon\" data-id=\"5d744fe\" data-element_type=\"widget\" data-settings=\"{&quot;_transform_scale_effect_hover&quot;:{&quot;unit&quot;:&quot;px&quot;,&quot;size&quot;:1.2,&quot;sizes&quot;:[]},&quot;_transform_scale_effect_hover_tablet&quot;:{&quot;unit&quot;:&quot;px&quot;,&quot;size&quot;:&quot;&quot;,&quot;sizes&quot;:[]},&quot;_transform_scale_effect_hover_mobile&quot;:{&quot;unit&quot;:&quot;px&quot;,&quot;size&quot;:&quot;&quot;,&quot;sizes&quot;:[]}}\" data-widget_type=\"icon.default\">\n\t\t\t\t<div class=\"elementor-widget-container\">\n\t\t\t\t\t\t\t<div class=\"elementor-icon-wrapper\">\n\t\t\t<a class=\"elementor-icon\" href=\"https:\/\/muneplasticos.com\/\">\n\t\t\t<svg aria-hidden=\"true\" class=\"e-font-icon-svg e-fas-home\" viewBox=\"0 0 576 512\" xmlns=\"http:\/\/www.w3.org\/2000\/svg\"><path d=\"M280.37 148.26L96 300.11V464a16 16 0 0 0 16 16l112.06-.29a16 16 0 0 0 15.92-16V368a16 16 0 0 1 16-16h64a16 16 0 0 1 16 16v95.64a16 16 0 0 0 16 16.05L464 480a16 16 0 0 0 16-16V300L295.67 148.26a12.19 12.19 0 0 0-15.3 0zM571.6 251.47L488 182.56V44.05a12 12 0 0 0-12-12h-56a12 12 0 0 0-12 12v72.61L318.47 43a48 48 0 0 0-61 0L4.34 251.47a12 12 0 0 0-1.6 16.9l25.5 31A12 12 0 0 0 45.15 301l235.22-193.74a12.19 12.19 0 0 1 15.3 0L530.9 301a12 12 0 0 0 16.9-1.6l25.5-31a12 12 0 0 0-1.7-16.93z\"><\/path><\/svg>\t\t\t<\/a>\n\t\t<\/div>\n\t\t\t\t\t\t<\/div>\n\t\t\t\t<\/div>\n\t\t\t\t<\/div>\n\t\t<div class=\"elementor-element elementor-element-3db91a9 e-con-full e-flex e-con e-child\" data-id=\"3db91a9\" data-element_type=\"container\">\n\t\t\t\t<div class=\"elementor-element elementor-element-26a4d9d elementor-widget elementor-widget-image\" data-id=\"26a4d9d\" data-element_type=\"widget\" data-widget_type=\"image.default\">\n\t\t\t\t<div class=\"elementor-widget-container\">\n\t\t\t\t\t\t\t\t\t\t\t\t\t\t\t<img fetchpriority=\"high\" decoding=\"async\" width=\"800\" height=\"352\" src=\"https:\/\/muneplasticos.com\/wp-content\/uploads\/2024\/03\/LOGO-MAS-VIVO-e1709329565277-1024x451.png\" class=\"attachment-large size-large wp-image-15\" alt=\"\" srcset=\"https:\/\/muneplasticos.com\/wp-content\/uploads\/2024\/03\/LOGO-MAS-VIVO-e1709329565277-1024x451.png 1024w, https:\/\/muneplasticos.com\/wp-content\/uploads\/2024\/03\/LOGO-MAS-VIVO-e1709329565277-300x132.png 300w, https:\/\/muneplasticos.com\/wp-content\/uploads\/2024\/03\/LOGO-MAS-VIVO-e1709329565277-768x339.png 768w, https:\/\/muneplasticos.com\/wp-content\/uploads\/2024\/03\/LOGO-MAS-VIVO-e1709329565277.png 1413w\" sizes=\"(max-width: 800px) 100vw, 800px\" \/>\t\t\t\t\t\t\t\t\t\t\t\t\t\t\t<\/div>\n\t\t\t\t<\/div>\n\t\t\t\t<\/div>\n\t\t<div class=\"elementor-element elementor-element-407a016 e-con-full e-flex e-con e-child\" data-id=\"407a016\" data-element_type=\"container\">\n\t\t\t\t<\/div>\n\t\t\t\t\t<\/div>\n\t\t\t\t<\/div>\n\t\t<div class=\"elementor-element elementor-element-d9be47b animated-slow elementor-hidden-desktop elementor-hidden-tablet e-flex e-con-boxed elementor-invisible e-con e-parent\" data-id=\"d9be47b\" data-element_type=\"container\" data-settings=\"{&quot;background_background&quot;:&quot;classic&quot;,&quot;animation&quot;:&quot;fadeInDown&quot;}\">\n\t\t\t\t\t<div class=\"e-con-inner\">\n\t\t<div class=\"elementor-element elementor-element-b0a0ea9 e-con-full e-flex e-con e-child\" data-id=\"b0a0ea9\" data-element_type=\"container\">\n\t\t\t\t<div class=\"elementor-element elementor-element-c7add55 e-transform elementor-view-default elementor-widget elementor-widget-icon\" data-id=\"c7add55\" data-element_type=\"widget\" data-settings=\"{&quot;_transform_scale_effect_hover&quot;:{&quot;unit&quot;:&quot;px&quot;,&quot;size&quot;:1.2,&quot;sizes&quot;:[]},&quot;_transform_scale_effect_hover_tablet&quot;:{&quot;unit&quot;:&quot;px&quot;,&quot;size&quot;:&quot;&quot;,&quot;sizes&quot;:[]},&quot;_transform_scale_effect_hover_mobile&quot;:{&quot;unit&quot;:&quot;px&quot;,&quot;size&quot;:&quot;&quot;,&quot;sizes&quot;:[]}}\" data-widget_type=\"icon.default\">\n\t\t\t\t<div class=\"elementor-widget-container\">\n\t\t\t\t\t\t\t<div class=\"elementor-icon-wrapper\">\n\t\t\t<a class=\"elementor-icon\" href=\"https:\/\/muneplasticos.com\/\">\n\t\t\t<svg aria-hidden=\"true\" class=\"e-font-icon-svg e-fas-home\" viewBox=\"0 0 576 512\" xmlns=\"http:\/\/www.w3.org\/2000\/svg\"><path d=\"M280.37 148.26L96 300.11V464a16 16 0 0 0 16 16l112.06-.29a16 16 0 0 0 15.92-16V368a16 16 0 0 1 16-16h64a16 16 0 0 1 16 16v95.64a16 16 0 0 0 16 16.05L464 480a16 16 0 0 0 16-16V300L295.67 148.26a12.19 12.19 0 0 0-15.3 0zM571.6 251.47L488 182.56V44.05a12 12 0 0 0-12-12h-56a12 12 0 0 0-12 12v72.61L318.47 43a48 48 0 0 0-61 0L4.34 251.47a12 12 0 0 0-1.6 16.9l25.5 31A12 12 0 0 0 45.15 301l235.22-193.74a12.19 12.19 0 0 1 15.3 0L530.9 301a12 12 0 0 0 16.9-1.6l25.5-31a12 12 0 0 0-1.7-16.93z\"><\/path><\/svg>\t\t\t<\/a>\n\t\t<\/div>\n\t\t\t\t\t\t<\/div>\n\t\t\t\t<\/div>\n\t\t\t\t<\/div>\n\t\t<div class=\"elementor-element elementor-element-b060b18 e-con-full e-flex e-con e-child\" data-id=\"b060b18\" data-element_type=\"container\">\n\t\t\t\t<div class=\"elementor-element elementor-element-531f364 elementor-widget elementor-widget-image\" data-id=\"531f364\" data-element_type=\"widget\" data-widget_type=\"image.default\">\n\t\t\t\t<div class=\"elementor-widget-container\">\n\t\t\t\t\t\t\t\t\t\t\t\t\t\t\t<img fetchpriority=\"high\" decoding=\"async\" width=\"800\" height=\"352\" src=\"https:\/\/muneplasticos.com\/wp-content\/uploads\/2024\/03\/LOGO-MAS-VIVO-e1709329565277-1024x451.png\" class=\"attachment-large size-large wp-image-15\" alt=\"\" srcset=\"https:\/\/muneplasticos.com\/wp-content\/uploads\/2024\/03\/LOGO-MAS-VIVO-e1709329565277-1024x451.png 1024w, https:\/\/muneplasticos.com\/wp-content\/uploads\/2024\/03\/LOGO-MAS-VIVO-e1709329565277-300x132.png 300w, https:\/\/muneplasticos.com\/wp-content\/uploads\/2024\/03\/LOGO-MAS-VIVO-e1709329565277-768x339.png 768w, https:\/\/muneplasticos.com\/wp-content\/uploads\/2024\/03\/LOGO-MAS-VIVO-e1709329565277.png 1413w\" sizes=\"(max-width: 800px) 100vw, 800px\" \/>\t\t\t\t\t\t\t\t\t\t\t\t\t\t\t<\/div>\n\t\t\t\t<\/div>\n\t\t\t\t<\/div>\n\t\t\t\t\t<\/div>\n\t\t\t\t<\/div>\n\t\t<div class=\"elementor-element elementor-element-018d9e9 elementor-hidden-tablet elementor-hidden-mobile e-flex e-con-boxed e-con e-parent\" data-id=\"018d9e9\" data-element_type=\"container\" data-settings=\"{&quot;background_background&quot;:&quot;classic&quot;}\">\n\t\t\t\t\t<div class=\"e-con-inner\">\n\t\t\t\t<div class=\"elementor-element elementor-element-d640a83 elementor-widget elementor-widget-spacer\" data-id=\"d640a83\" data-element_type=\"widget\" data-widget_type=\"spacer.default\">\n\t\t\t\t<div class=\"elementor-widget-container\">\n\t\t\t\t\t\t\t<div class=\"elementor-spacer\">\n\t\t\t<div class=\"elementor-spacer-inner\"><\/div>\n\t\t<\/div>\n\t\t\t\t\t\t<\/div>\n\t\t\t\t<\/div>\n\t\t\t\t<div class=\"elementor-element elementor-element-45c58c6 elementor-hidden-mobile elementor-invisible elementor-widget elementor-widget-heading\" data-id=\"45c58c6\" data-element_type=\"widget\" data-settings=\"{&quot;_animation&quot;:&quot;fadeInDown&quot;}\" data-widget_type=\"heading.default\">\n\t\t\t\t<div class=\"elementor-widget-container\">\n\t\t\t\t\t<h2 class=\"elementor-heading-title elementor-size-default\">Nuestros Procesos de calidad<\/h2>\t\t\t\t<\/div>\n\t\t\t\t<\/div>\n\t\t<div class=\"elementor-element elementor-element-2bc178c e-grid e-con-full e-con e-child\" data-id=\"2bc178c\" data-element_type=\"container\">\n\t\t\t\t<div class=\"elementor-element elementor-element-0711be5 elementor-hidden-tablet elementor-hidden-mobile elementor-invisible elementor-widget elementor-widget-text-editor\" data-id=\"0711be5\" data-element_type=\"widget\" data-settings=\"{&quot;_animation&quot;:&quot;fadeInLeft&quot;}\" data-widget_type=\"text-editor.default\">\n\t\t\t\t<div class=\"elementor-widget-container\">\n\t\t\t\t\t\t\t\t\t<p>Nuestros productos son fabricados con los m\u00e1s altos est\u00e1ndares de calidad, cumpliendo con las normas exigidas legales vigentes en cada uno de los diferentes procesos de producci\u00f3n.<\/p><p><strong>CERTIFICADO DE CONFORMIDAD DE PRODUCTO.<\/strong><br \/>Resoluci\u00f3n 686 de 2018 Ministerio de Salud\u00a0y\u00a0Protecci\u00f3n.<\/p>\t\t\t\t\t\t\t\t<\/div>\n\t\t\t\t<\/div>\n\t\t<div class=\"elementor-element elementor-element-0e95118 e-grid e-con-full e-con e-child\" data-id=\"0e95118\" data-element_type=\"container\">\n\t\t\t\t<div class=\"elementor-element elementor-element-9a4e07f e-transform e-transform elementor-widget elementor-widget-image\" data-id=\"9a4e07f\" data-element_type=\"widget\" data-settings=\"{&quot;_transform_translateX_effect&quot;:{&quot;unit&quot;:&quot;px&quot;,&quot;size&quot;:34,&quot;sizes&quot;:[]},&quot;_transform_translateY_effect&quot;:{&quot;unit&quot;:&quot;px&quot;,&quot;size&quot;:-9,&quot;sizes&quot;:[]},&quot;_transform_scale_effect&quot;:{&quot;unit&quot;:&quot;px&quot;,&quot;size&quot;:1.1,&quot;sizes&quot;:[]},&quot;_transform_translateX_effect_tablet&quot;:{&quot;unit&quot;:&quot;px&quot;,&quot;size&quot;:&quot;&quot;,&quot;sizes&quot;:[]},&quot;_transform_translateX_effect_mobile&quot;:{&quot;unit&quot;:&quot;px&quot;,&quot;size&quot;:&quot;&quot;,&quot;sizes&quot;:[]},&quot;_transform_translateY_effect_tablet&quot;:{&quot;unit&quot;:&quot;px&quot;,&quot;size&quot;:&quot;&quot;,&quot;sizes&quot;:[]},&quot;_transform_translateY_effect_mobile&quot;:{&quot;unit&quot;:&quot;px&quot;,&quot;size&quot;:&quot;&quot;,&quot;sizes&quot;:[]},&quot;_transform_scale_effect_tablet&quot;:{&quot;unit&quot;:&quot;px&quot;,&quot;size&quot;:&quot;&quot;,&quot;sizes&quot;:[]},&quot;_transform_scale_effect_mobile&quot;:{&quot;unit&quot;:&quot;px&quot;,&quot;size&quot;:&quot;&quot;,&quot;sizes&quot;:[]}}\" data-widget_type=\"image.default\">\n\t\t\t\t<div class=\"elementor-widget-container\">\n\t\t\t\t\t\t\t\t\t\t\t\t\t\t\t<img decoding=\"async\" width=\"778\" height=\"1024\" src=\"https:\/\/muneplasticos.com\/wp-content\/uploads\/2024\/08\/Ilustracion_sin_titulo-4-778x1024.png\" class=\"attachment-large size-large wp-image-1922\" alt=\"\" srcset=\"https:\/\/muneplasticos.com\/wp-content\/uploads\/2024\/08\/Ilustracion_sin_titulo-4-778x1024.png 778w, https:\/\/muneplasticos.com\/wp-content\/uploads\/2024\/08\/Ilustracion_sin_titulo-4-228x300.png 228w, https:\/\/muneplasticos.com\/wp-content\/uploads\/2024\/08\/Ilustracion_sin_titulo-4-768x1010.png 768w, https:\/\/muneplasticos.com\/wp-content\/uploads\/2024\/08\/Ilustracion_sin_titulo-4-1167x1536.png 1167w, https:\/\/muneplasticos.com\/wp-content\/uploads\/2024\/08\/Ilustracion_sin_titulo-4-1557x2048.png 1557w\" sizes=\"(max-width: 778px) 100vw, 778px\" \/>\t\t\t\t\t\t\t\t\t\t\t\t\t\t\t<\/div>\n\t\t\t\t<\/div>\n\t\t\t\t<div class=\"elementor-element elementor-element-2d45c38 e-transform e-transform elementor-widget elementor-widget-image\" data-id=\"2d45c38\" data-element_type=\"widget\" data-settings=\"{&quot;_transform_scale_effect&quot;:{&quot;unit&quot;:&quot;px&quot;,&quot;size&quot;:1.2,&quot;sizes&quot;:[]},&quot;_transform_translateX_effect&quot;:{&quot;unit&quot;:&quot;px&quot;,&quot;size&quot;:-11,&quot;sizes&quot;:[]},&quot;_transform_translateX_effect_tablet&quot;:{&quot;unit&quot;:&quot;px&quot;,&quot;size&quot;:&quot;&quot;,&quot;sizes&quot;:[]},&quot;_transform_translateX_effect_mobile&quot;:{&quot;unit&quot;:&quot;px&quot;,&quot;size&quot;:&quot;&quot;,&quot;sizes&quot;:[]},&quot;_transform_translateY_effect&quot;:{&quot;unit&quot;:&quot;px&quot;,&quot;size&quot;:&quot;&quot;,&quot;sizes&quot;:[]},&quot;_transform_translateY_effect_tablet&quot;:{&quot;unit&quot;:&quot;px&quot;,&quot;size&quot;:&quot;&quot;,&quot;sizes&quot;:[]},&quot;_transform_translateY_effect_mobile&quot;:{&quot;unit&quot;:&quot;px&quot;,&quot;size&quot;:&quot;&quot;,&quot;sizes&quot;:[]},&quot;_transform_scale_effect_tablet&quot;:{&quot;unit&quot;:&quot;px&quot;,&quot;size&quot;:&quot;&quot;,&quot;sizes&quot;:[]},&quot;_transform_scale_effect_mobile&quot;:{&quot;unit&quot;:&quot;px&quot;,&quot;size&quot;:&quot;&quot;,&quot;sizes&quot;:[]}}\" data-widget_type=\"image.default\">\n\t\t\t\t<div class=\"elementor-widget-container\">\n\t\t\t\t\t\t\t\t\t\t\t\t\t\t\t<img decoding=\"async\" width=\"768\" height=\"1024\" src=\"https:\/\/muneplasticos.com\/wp-content\/uploads\/2024\/08\/Nino-nuevo-2-768x1024.png\" class=\"attachment-large size-large wp-image-2045\" alt=\"\" srcset=\"https:\/\/muneplasticos.com\/wp-content\/uploads\/2024\/08\/Nino-nuevo-2-768x1023.png 768w, https:\/\/muneplasticos.com\/wp-content\/uploads\/2024\/08\/Nino-nuevo-2-225x300.png 225w, https:\/\/muneplasticos.com\/wp-content\/uploads\/2024\/08\/Nino-nuevo-2-1153x1536.png 1153w, https:\/\/muneplasticos.com\/wp-content\/uploads\/2024\/08\/Nino-nuevo-2-1537x2048.png 1537w\" sizes=\"(max-width: 768px) 100vw, 768px\" \/>\t\t\t\t\t\t\t\t\t\t\t\t\t\t\t<\/div>\n\t\t\t\t<\/div>\n\t\t\t\t<\/div>\n\t\t\t\t<\/div>\n\t\t\t\t\t<\/div>\n\t\t\t\t<\/div>\n\t\t<div class=\"elementor-element elementor-element-11a0ca5 elementor-hidden-desktop elementor-hidden-tablet e-flex e-con-boxed e-con e-parent\" data-id=\"11a0ca5\" data-element_type=\"container\" data-settings=\"{&quot;background_background&quot;:&quot;classic&quot;}\">\n\t\t\t\t\t<div class=\"e-con-inner\">\n\t\t\t\t<div class=\"elementor-element elementor-element-59b4507 elementor-widget elementor-widget-spacer\" data-id=\"59b4507\" data-element_type=\"widget\" data-widget_type=\"spacer.default\">\n\t\t\t\t<div class=\"elementor-widget-container\">\n\t\t\t\t\t\t\t<div class=\"elementor-spacer\">\n\t\t\t<div class=\"elementor-spacer-inner\"><\/div>\n\t\t<\/div>\n\t\t\t\t\t\t<\/div>\n\t\t\t\t<\/div>\n\t\t\t\t<div class=\"elementor-element elementor-element-b1cc81f elementor-invisible elementor-widget elementor-widget-heading\" data-id=\"b1cc81f\" data-element_type=\"widget\" data-settings=\"{&quot;_animation&quot;:&quot;fadeInDown&quot;}\" data-widget_type=\"heading.default\">\n\t\t\t\t<div class=\"elementor-widget-container\">\n\t\t\t\t\t<h2 class=\"elementor-heading-title elementor-size-default\">Nuestros Procesos de calidad<\/h2>\t\t\t\t<\/div>\n\t\t\t\t<\/div>\n\t\t<div class=\"elementor-element elementor-element-3d6751a e-grid e-con-full e-con e-child\" data-id=\"3d6751a\" data-element_type=\"container\">\n\t\t\t\t<div class=\"elementor-element elementor-element-0b54b70 elementor-invisible elementor-widget elementor-widget-text-editor\" data-id=\"0b54b70\" data-element_type=\"widget\" data-settings=\"{&quot;_animation&quot;:&quot;fadeInLeft&quot;}\" data-widget_type=\"text-editor.default\">\n\t\t\t\t<div class=\"elementor-widget-container\">\n\t\t\t\t\t\t\t\t\t<p>Nuestros productos son fabricados con los m\u00e1s altos est\u00e1ndares de calidad, cumpliendo con las normas exigidas legales vigentes en cada uno de los diferentes procesos de producci\u00f3n.<\/p><p><strong>CERTIFICADO DE CONFORMIDAD DE PRODUCTO.<\/strong><br \/>Resoluci\u00f3n 686 de 2018 Ministerio de Salud\u00a0y\u00a0Protecci\u00f3n.<\/p>\t\t\t\t\t\t\t\t<\/div>\n\t\t\t\t<\/div>\n\t\t<div class=\"elementor-element elementor-element-a537889 e-grid e-con-full e-con e-child\" data-id=\"a537889\" data-element_type=\"container\">\n\t\t\t\t<div class=\"elementor-element elementor-element-e23cf84 e-transform elementor-widget elementor-widget-image\" data-id=\"e23cf84\" data-element_type=\"widget\" data-settings=\"{&quot;_transform_scale_effect_mobile&quot;:{&quot;unit&quot;:&quot;px&quot;,&quot;size&quot;:1.1,&quot;sizes&quot;:[]},&quot;_transform_scale_effect&quot;:{&quot;unit&quot;:&quot;px&quot;,&quot;size&quot;:&quot;&quot;,&quot;sizes&quot;:[]},&quot;_transform_scale_effect_tablet&quot;:{&quot;unit&quot;:&quot;px&quot;,&quot;size&quot;:&quot;&quot;,&quot;sizes&quot;:[]}}\" data-widget_type=\"image.default\">\n\t\t\t\t<div class=\"elementor-widget-container\">\n\t\t\t\t\t\t\t\t\t\t\t\t\t\t\t<img decoding=\"async\" width=\"778\" height=\"1024\" src=\"https:\/\/muneplasticos.com\/wp-content\/uploads\/2024\/08\/Ilustracion_sin_titulo-4-778x1024.png\" class=\"attachment-large size-large wp-image-1922\" alt=\"\" srcset=\"https:\/\/muneplasticos.com\/wp-content\/uploads\/2024\/08\/Ilustracion_sin_titulo-4-778x1024.png 778w, https:\/\/muneplasticos.com\/wp-content\/uploads\/2024\/08\/Ilustracion_sin_titulo-4-228x300.png 228w, https:\/\/muneplasticos.com\/wp-content\/uploads\/2024\/08\/Ilustracion_sin_titulo-4-768x1010.png 768w, https:\/\/muneplasticos.com\/wp-content\/uploads\/2024\/08\/Ilustracion_sin_titulo-4-1167x1536.png 1167w, https:\/\/muneplasticos.com\/wp-content\/uploads\/2024\/08\/Ilustracion_sin_titulo-4-1557x2048.png 1557w\" sizes=\"(max-width: 778px) 100vw, 778px\" \/>\t\t\t\t\t\t\t\t\t\t\t\t\t\t\t<\/div>\n\t\t\t\t<\/div>\n\t\t\t\t<div class=\"elementor-element elementor-element-cb0d84f e-transform elementor-widget elementor-widget-image\" data-id=\"cb0d84f\" data-element_type=\"widget\" data-settings=\"{&quot;_transform_scale_effect_mobile&quot;:{&quot;unit&quot;:&quot;px&quot;,&quot;size&quot;:1.1,&quot;sizes&quot;:[]},&quot;_transform_scale_effect&quot;:{&quot;unit&quot;:&quot;px&quot;,&quot;size&quot;:&quot;&quot;,&quot;sizes&quot;:[]},&quot;_transform_scale_effect_tablet&quot;:{&quot;unit&quot;:&quot;px&quot;,&quot;size&quot;:&quot;&quot;,&quot;sizes&quot;:[]}}\" data-widget_type=\"image.default\">\n\t\t\t\t<div class=\"elementor-widget-container\">\n\t\t\t\t\t\t\t\t\t\t\t\t\t\t\t<img loading=\"lazy\" decoding=\"async\" width=\"724\" height=\"1024\" src=\"https:\/\/muneplasticos.com\/wp-content\/uploads\/2024\/08\/Ilustracion_sin_titulo-724x1024.png\" class=\"attachment-large size-large wp-image-1923\" alt=\"\" srcset=\"https:\/\/muneplasticos.com\/wp-content\/uploads\/2024\/08\/Ilustracion_sin_titulo-724x1024.png 724w, https:\/\/muneplasticos.com\/wp-content\/uploads\/2024\/08\/Ilustracion_sin_titulo-212x300.png 212w, https:\/\/muneplasticos.com\/wp-content\/uploads\/2024\/08\/Ilustracion_sin_titulo-768x1086.png 768w, https:\/\/muneplasticos.com\/wp-content\/uploads\/2024\/08\/Ilustracion_sin_titulo-1086x1536.png 1086w, https:\/\/muneplasticos.com\/wp-content\/uploads\/2024\/08\/Ilustracion_sin_titulo-1448x2048.png 1448w\" sizes=\"(max-width: 724px) 100vw, 724px\" \/>\t\t\t\t\t\t\t\t\t\t\t\t\t\t\t<\/div>\n\t\t\t\t<\/div>\n\t\t\t\t<\/div>\n\t\t\t\t<\/div>\n\t\t\t\t\t<\/div>\n\t\t\t\t<\/div>\n\t\t<div class=\"elementor-element elementor-element-04d696e elementor-hidden-desktop elementor-hidden-mobile e-flex e-con-boxed e-con e-parent\" data-id=\"04d696e\" data-element_type=\"container\" data-settings=\"{&quot;background_background&quot;:&quot;classic&quot;}\">\n\t\t\t\t\t<div class=\"e-con-inner\">\n\t\t\t\t<div class=\"elementor-element elementor-element-77eb0f1 elementor-widget elementor-widget-spacer\" data-id=\"77eb0f1\" data-element_type=\"widget\" data-widget_type=\"spacer.default\">\n\t\t\t\t<div class=\"elementor-widget-container\">\n\t\t\t\t\t\t\t<div class=\"elementor-spacer\">\n\t\t\t<div class=\"elementor-spacer-inner\"><\/div>\n\t\t<\/div>\n\t\t\t\t\t\t<\/div>\n\t\t\t\t<\/div>\n\t\t\t\t<div class=\"elementor-element elementor-element-4e065e7 elementor-invisible elementor-widget elementor-widget-heading\" data-id=\"4e065e7\" data-element_type=\"widget\" data-settings=\"{&quot;_animation&quot;:&quot;fadeInDown&quot;}\" data-widget_type=\"heading.default\">\n\t\t\t\t<div class=\"elementor-widget-container\">\n\t\t\t\t\t<h2 class=\"elementor-heading-title elementor-size-default\">Nuestros Procesos de calidad<\/h2>\t\t\t\t<\/div>\n\t\t\t\t<\/div>\n\t\t<div class=\"elementor-element elementor-element-771c9c9 e-grid e-con-full e-con e-child\" data-id=\"771c9c9\" data-element_type=\"container\">\n\t\t\t\t<div class=\"elementor-element elementor-element-a77b7f3 elementor-invisible elementor-widget elementor-widget-text-editor\" data-id=\"a77b7f3\" data-element_type=\"widget\" data-settings=\"{&quot;_animation&quot;:&quot;fadeInLeft&quot;}\" data-widget_type=\"text-editor.default\">\n\t\t\t\t<div class=\"elementor-widget-container\">\n\t\t\t\t\t\t\t\t\t<p>Nuestros productos son fabricados con los m\u00e1s altos est\u00e1ndares de calidad, cumpliendo con las normas exigidas legales vigentes en cada uno de los diferentes procesos de producci\u00f3n.<\/p><p><strong>CERTIFICADO DE CONFORMIDAD DE PRODUCTO.<\/strong><br \/>Resoluci\u00f3n 686 de 2018 Ministerio de Salud\u00a0y\u00a0Protecci\u00f3n.<\/p>\t\t\t\t\t\t\t\t<\/div>\n\t\t\t\t<\/div>\n\t\t\t\t<div class=\"elementor-element elementor-element-b5133ac elementor-invisible elementor-widget elementor-widget-image\" data-id=\"b5133ac\" data-element_type=\"widget\" data-settings=\"{&quot;_animation&quot;:&quot;fadeInRight&quot;}\" data-widget_type=\"image.default\">\n\t\t\t\t<div class=\"elementor-widget-container\">\n\t\t\t\t\t\t\t\t\t\t\t\t\t\t\t<img loading=\"lazy\" decoding=\"async\" width=\"800\" height=\"727\" src=\"https:\/\/muneplasticos.com\/wp-content\/uploads\/2024\/08\/PAREJA-1024x930.png\" class=\"attachment-large size-large wp-image-1256\" alt=\"\" srcset=\"https:\/\/muneplasticos.com\/wp-content\/uploads\/2024\/08\/PAREJA-1024x930.png 1024w, https:\/\/muneplasticos.com\/wp-content\/uploads\/2024\/08\/PAREJA-300x273.png 300w, https:\/\/muneplasticos.com\/wp-content\/uploads\/2024\/08\/PAREJA-768x698.png 768w, https:\/\/muneplasticos.com\/wp-content\/uploads\/2024\/08\/PAREJA-1536x1395.png 1536w, https:\/\/muneplasticos.com\/wp-content\/uploads\/2024\/08\/PAREJA-2048x1861.png 2048w\" sizes=\"(max-width: 800px) 100vw, 800px\" \/>\t\t\t\t\t\t\t\t\t\t\t\t\t\t\t<\/div>\n\t\t\t\t<\/div>\n\t\t\t\t<\/div>\n\t\t\t\t\t<\/div>\n\t\t\t\t<\/div>\n\t\t<div class=\"elementor-element elementor-element-63c9c86 animated-slow e-flex e-con-boxed elementor-invisible e-con e-parent\" data-id=\"63c9c86\" data-element_type=\"container\" data-settings=\"{&quot;background_background&quot;:&quot;classic&quot;,&quot;animation&quot;:&quot;fadeInDown&quot;}\">\n\t\t\t\t\t<div class=\"e-con-inner\">\n\t\t<div class=\"elementor-element elementor-element-4e1b95a e-con-full e-flex e-con e-child\" data-id=\"4e1b95a\" data-element_type=\"container\">\n\t\t\t\t<\/div>\n\t\t<div class=\"elementor-element elementor-element-fbae7ba e-con-full e-flex e-con e-child\" data-id=\"fbae7ba\" data-element_type=\"container\">\n\t\t\t\t<div class=\"elementor-element elementor-element-cfe81df elementor-widget elementor-widget-heading\" data-id=\"cfe81df\" data-element_type=\"widget\" data-widget_type=\"heading.default\">\n\t\t\t\t<div class=\"elementor-widget-container\">\n\t\t\t\t\t<h2 class=\"elementor-heading-title elementor-size-default\">\u00a92024.Todos los derechos reservados\u00a9  mu\u00f1epl\u00e1sticos<\/h2>\t\t\t\t<\/div>\n\t\t\t\t<\/div>\n\t\t\t\t<\/div>\n\t\t<div class=\"elementor-element elementor-element-4627b9e e-con-full e-flex e-con e-child\" data-id=\"4627b9e\" data-element_type=\"container\">\n\t\t\t\t<\/div>\n\t\t\t\t\t<\/div>\n\t\t\t\t<\/div>\n\t\t\t\t<\/div>\n\t\t","protected":false},"excerpt":{"rendered":"<p>Nuestros Procesos de calidad Nuestros productos son fabricados con los m\u00e1s altos est\u00e1ndares de calidad, cumpliendo con las normas exigidas legales vigentes en cada uno de los diferentes procesos de producci\u00f3n. CERTIFICADO DE CONFORMIDAD DE PRODUCTO.Resoluci\u00f3n 686 de 2018 Ministerio de Salud\u00a0y\u00a0Protecci\u00f3n. Nuestros Procesos de calidad Nuestros productos son fabricados con los m\u00e1s altos est\u00e1ndares [&hellip;]<\/p>\n","protected":false},"author":1,"featured_media":0,"parent":0,"menu_order":0,"comment_status":"closed","ping_status":"closed","template":"elementor_canvas","meta":{"_joinchat":[],"footnotes":""},"class_list":["post-493","page","type-page","status-publish","hentry"],"_links":{"self":[{"href":"https:\/\/muneplasticos.com\/index.php\/wp-json\/wp\/v2\/pages\/493","targetHints":{"allow":["GET"]}}],"collection":[{"href":"https:\/\/muneplasticos.com\/index.php\/wp-json\/wp\/v2\/pages"}],"about":[{"href":"https:\/\/muneplasticos.com\/index.php\/wp-json\/wp\/v2\/types\/page"}],"author":[{"embeddable":true,"href":"https:\/\/muneplasticos.com\/index.php\/wp-json\/wp\/v2\/users\/1"}],"replies":[{"embeddable":true,"href":"https:\/\/muneplasticos.com\/index.php\/wp-json\/wp\/v2\/comments?post=493"}],"version-history":[{"count":121,"href":"https:\/\/muneplasticos.com\/index.php\/wp-json\/wp\/v2\/pages\/493\/revisions"}],"predecessor-version":[{"id":2063,"href":"https:\/\/muneplasticos.com\/index.php\/wp-json\/wp\/v2\/pages\/493\/revisions\/2063"}],"wp:attachment":[{"href":"https:\/\/muneplasticos.com\/index.php\/wp-json\/wp\/v2\/media?parent=493"}],"curies":[{"name":"wp","href":"https:\/\/api.w.org\/{rel}","templated":true}]}}